{"id":655,"date":"2021-05-21T18:03:09","date_gmt":"2021-05-21T16:03:09","guid":{"rendered":"https:\/\/www.jl-store.de\/?page_id=655"},"modified":"2021-05-27T17:34:05","modified_gmt":"2021-05-27T15:34:05","slug":"kommissionierung","status":"publish","type":"page","link":"https:\/\/www.jl-store.de\/?page_id=655","title":{"rendered":"Kommissionierung"},"content":{"rendered":"<p>[et_pb_section fb_built=&#8220;1&#8243; fullwidth=&#8220;on&#8220; _builder_version=&#8220;4.9.3&#8243; _module_preset=&#8220;default&#8220; background_image=&#8220;https:\/\/www.jl-store.de\/wp-content\/uploads\/2021\/05\/Titel_Kofektionieren.jpg&#8220; background_blend=&#8220;multiply&#8220;][et_pb_fullwidth_header title=&#8220;Kommissionierung&#8220; _builder_version=&#8220;4.9.3&#8243; _module_preset=&#8220;default&#8220; title_font=&#8220;|||||on|||&#8220; title_text_color=&#8220;#E02B20&#8243; title_font_size=&#8220;38px&#8220; use_background_color_gradient=&#8220;on&#8220; background_color_gradient_end=&#8220;#ffffff&#8220; background_enable_image=&#8220;off&#8220; hover_enabled=&#8220;0&#8243; title_font_tablet=&#8220;&#8220; title_font_phone=&#8220;&#8220; title_font_last_edited=&#8220;on|phone&#8220; box_shadow_style_image=&#8220;preset1&#8243; sticky_enabled=&#8220;0&#8243;]<\/p>\n<h2>Einstufige oder zweistufige Varianten<\/h2>\n<p>[\/et_pb_fullwidth_header][\/et_pb_section][et_pb_section fb_built=&#8220;1&#8243; _builder_version=&#8220;4.9.3&#8243; _module_preset=&#8220;default&#8220; custom_padding=&#8220;0px|||||&#8220;][et_pb_row _builder_version=&#8220;4.9.3&#8243; _module_preset=&#8220;default&#8220;][et_pb_column type=&#8220;4_4&#8243; _builder_version=&#8220;4.9.3&#8243; _module_preset=&#8220;default&#8220;][et_pb_text _builder_version=&#8220;4.9.3&#8243; _module_preset=&#8220;default&#8220; text_text_color=&#8220;#000000&#8243; text_line_height=&#8220;2.1em&#8220; header_5_font=&#8220;|||||on|||&#8220; header_5_font_size=&#8220;30px&#8220; header_6_font_size=&#8220;20px&#8220; background_color=&#8220;#FFFFFF&#8220; custom_margin=&#8220;0px||||false|false&#8220; custom_padding=&#8220;5px|10px|5px|10px|true|true&#8220;]<\/p>\n<p style=\"text-align: left;\"><span>Die Zusammenstellung von Waren f\u00fcr Auftr\u00e4ge kann entweder einstufig oder mehrstufig erfolgen. Bei der einstufigen Kommissionierung wird jeder Auftrag einzeln zusammengestellt. Bei der zweistufigen Variante wird f\u00fcr mehrere Auftr\u00e4ge gleichzeitig die ben\u00f6tigte Gesamtmenge eines Artikels entnommen. Folgende einstufige Verfahren existieren: auftragsorientierte, parallele Kommissionierung. Auftragsorientierte, serielle Kommissionierung<\/span><\/p>\n<p style=\"text-align: left;\"><span><\/span><\/p>\n<h5 id=\"kommissionierung-und-warenausgang\">Leistungen<\/h5>\n<ul>\n<li>zuverl\u00e4ssiger Versand von eingehenden Bestellungen gem\u00e4\u00df Ihrer Vorgaben<\/li>\n<li>transportgerechte Verpackung in hochwertiger und neutraler Kartonage<\/li>\n<li>Abwicklung von Aktionen<\/li>\n<li>Beilage von Flyern und Werbeartikeln<\/li>\n<li>Bereitstellung von nationalen Transportoptionen f\u00fcr Pakete, Teil- und Komplettlieferungen<\/li>\n<li>Bereitstellung individueller Verpackungen<\/li>\n<\/ul>\n<p>[\/et_pb_text][et_pb_image src=&#8220;https:\/\/www.jl-store.de\/wp-content\/uploads\/2021\/05\/verpacken-1.png&#8220; title_text=&#8220;verpacken&#8220; _builder_version=&#8220;4.9.3&#8243; _module_preset=&#8220;default&#8220;][\/et_pb_image][\/et_pb_column][\/et_pb_row][\/et_pb_section]<\/p>\n","protected":false},"excerpt":{"rendered":"<p>[et_pb_section fb_built=&#8220;1&#8243; fullwidth=&#8220;on&#8220; _builder_version=&#8220;4.9.3&#8243; _module_preset=&#8220;default&#8220; background_image=&#8220;https:\/\/www.jl-store.de\/wp-content\/uploads\/2021\/05\/Titel_Kofektionieren.jpg&#8220; background_blend=&#8220;multiply&#8220;][et_pb_fullwidth_header title=&#8220;Kommissionierung&#8220; _builder_version=&#8220;4.9.3&#8243; _module_preset=&#8220;default&#8220; title_font=&#8220;|||||on|||&#8220; title_text_color=&#8220;#E02B20&#8243; title_font_size=&#8220;38px&#8220; use_background_color_gradient=&#8220;on&#8220; background_color_gradient_end=&#8220;#ffffff&#8220; background_enable_image=&#8220;off&#8220; hover_enabled=&#8220;0&#8243; title_font_tablet=&#8220;&#8220; title_font_phone=&#8220;&#8220; title_font_last_edited=&#8220;on|phone&#8220; box_shadow_style_image=&#8220;preset1&#8243; sticky_enabled=&#8220;0&#8243;] Einstufige oder zweistufige Varianten [\/et_pb_fullwidth_header][\/et_pb_section][et_pb_section fb_built=&#8220;1&#8243; _builder_version=&#8220;4.9.3&#8243; _module_preset=&#8220;default&#8220; custom_padding=&#8220;0px|||||&#8220;][et_pb_row _builder_version=&#8220;4.9.3&#8243; _module_preset=&#8220;default&#8220;][et_pb_column type=&#8220;4_4&#8243; _builder_version=&#8220;4.9.3&#8243; _module_preset=&#8220;default&#8220;][et_pb_text _builder_version=&#8220;4.9.3&#8243; _module_preset=&#8220;default&#8220; text_text_color=&#8220;#000000&#8243; text_line_height=&#8220;2.1em&#8220; header_5_font=&#8220;|||||on|||&#8220; header_5_font_size=&#8220;30px&#8220; header_6_font_size=&#8220;20px&#8220; background_color=&#8220;#FFFFFF&#8220; custom_margin=&#8220;0px||||false|false&#8220; custom_padding=&#8220;5px|10px|5px|10px|true|true&#8220;] Die Zusammenstellung von Waren f\u00fcr Auftr\u00e4ge kann entweder einstufig [&hellip;]<\/p>\n","protected":false},"author":1,"featured_media":0,"parent":0,"menu_order":0,"comment_status":"closed","ping_status":"closed","template":"","meta":{"_et_pb_use_builder":"on","_et_pb_old_content":"","_et_gb_content_width":""},"_links":{"self":[{"href":"https:\/\/www.jl-store.de\/index.php?rest_route=\/wp\/v2\/pages\/655"}],"collection":[{"href":"https:\/\/www.jl-store.de\/index.php?rest_route=\/wp\/v2\/pages"}],"about":[{"href":"https:\/\/www.jl-store.de\/index.php?rest_route=\/wp\/v2\/types\/page"}],"author":[{"embeddable":true,"href":"https:\/\/www.jl-store.de\/index.php?rest_route=\/wp\/v2\/users\/1"}],"replies":[{"embeddable":true,"href":"https:\/\/www.jl-store.de\/index.php?rest_route=%2Fwp%2Fv2%2Fcomments&post=655"}],"version-history":[{"count":12,"href":"https:\/\/www.jl-store.de\/index.php?rest_route=\/wp\/v2\/pages\/655\/revisions"}],"predecessor-version":[{"id":739,"href":"https:\/\/www.jl-store.de\/index.php?rest_route=\/wp\/v2\/pages\/655\/revisions\/739"}],"wp:attachment":[{"href":"https:\/\/www.jl-store.de\/index.php?rest_route=%2Fwp%2Fv2%2Fmedia&parent=655"}],"curies":[{"name":"wp","href":"https:\/\/api.w.org\/{rel}","templated":true}]}}